{"id":17492,"date":"2026-04-28T10:40:04","date_gmt":"2026-04-28T14:40:04","guid":{"rendered":"https:\/\/bc-cl.ca\/event\/artisanat-pour-la-fete-des-meres\/"},"modified":"2026-04-28T10:41:28","modified_gmt":"2026-04-28T14:41:28","slug":"artisanat-pour-la-fete-des-meres","status":"publish","type":"tribe_events","link":"https:\/\/bc-cl.ca\/fr\/event\/artisanat-pour-la-fete-des-meres\/","title":{"rendered":"Brico pour la f\u00eate des m\u00e8res"},"content":{"rendered":"<p><strong>Soyez cr\u00e9atifs !<\/strong><\/p>\n<p>Apportez votre imagination et rejoignez-nous pour une s\u00e9ance mensuelle de bricolage ! Les enfants de 5 ans et plus s&rsquo;amuseront \u00e0 r\u00e9aliser des projets amusants avec tout le mat\u00e9riel fourni. <\/p>\n<p>L&rsquo;inscription est obligatoire.<\/p>\n<p>Veuillez vous inscrire <a href=\"https:\/\/bc-cl.ca\/fr\/programmes-pour-enfants\/\">ici.<\/a><\/p>\n","protected":false},"excerpt":{"rendered":"<p>Soyez cr\u00e9atifs ! Apportez votre imagination et rejoignez-nous pour une s\u00e9ance mensuelle de bricolage ! Les enfants de 5 ans et plus s&rsquo;amuseront \u00e0 r\u00e9aliser des projets amusants avec tout [&hellip;]<\/p>\n","protected":false},"author":10,"featured_media":0,"template":"","meta":{"_acf_changed":false,"_et_pb_use_builder":"","_et_pb_old_content":"","_et_gb_content_width":"","_tribe_events_status":"","_tribe_events_status_reason":"","_tribe_events_is_hybrid":"","_tribe_events_is_virtual":"","_tribe_events_virtual_video_source":"","_tribe_events_virtual_embed_video":"","_tribe_events_virtual_linked_button_text":"","_tribe_events_virtual_linked_button":"","_tribe_events_virtual_show_embed_at":"","_tribe_events_virtual_show_embed_to":[],"_tribe_events_virtual_show_on_event":"","_tribe_events_virtual_show_on_views":"","_tribe_events_virtual_url":"","footnotes":""},"tags":[],"tribe_events_cat":[],"class_list":["post-17492","tribe_events","type-tribe_events","status-publish","hentry"],"acf":[],"yoast_head":"<!-- This site is optimized with the Yoast SEO plugin v27.4 - https:\/\/yoast.com\/product\/yoast-seo-wordpress\/ -->\n<title>Brico pour la f\u00eate des m\u00e8res - Biblioth\u00e8que Champlain<\/title>\n<meta name=\"robots\" content=\"index, follow, max-snippet:-1, max-image-preview:large, max-video-preview:-1\" \/>\n<link rel=\"canonical\" href=\"https:\/\/bc-cl.ca\/fr\/event\/artisanat-pour-la-fete-des-meres\/\" \/>\n<meta property=\"og:locale\" content=\"fr_FR\" \/>\n<meta property=\"og:type\" content=\"article\" \/>\n<meta property=\"og:title\" content=\"Brico pour la f\u00eate des m\u00e8res - Biblioth\u00e8que Champlain\" \/>\n<meta property=\"og:description\" content=\"Soyez cr\u00e9atifs ! Apportez votre imagination et rejoignez-nous pour une s\u00e9ance mensuelle de bricolage ! Les enfants de 5 ans et plus s&rsquo;amuseront \u00e0 r\u00e9aliser des projets amusants avec tout [&hellip;]\" \/>\n<meta property=\"og:url\" content=\"https:\/\/bc-cl.ca\/fr\/event\/artisanat-pour-la-fete-des-meres\/\" \/>\n<meta property=\"og:site_name\" content=\"Biblioth\u00e8que Champlain\" \/>\n<meta property=\"article:modified_time\" content=\"2026-04-28T14:41:28+00:00\" \/>\n<meta name=\"twitter:card\" content=\"summary_large_image\" \/>\n<script type=\"application\/ld+json\" class=\"yoast-schema-graph\">{\"@context\":\"https:\\\/\\\/schema.org\",\"@graph\":[{\"@type\":\"WebPage\",\"@id\":\"https:\\\/\\\/bc-cl.ca\\\/fr\\\/event\\\/artisanat-pour-la-fete-des-meres\\\/\",\"url\":\"https:\\\/\\\/bc-cl.ca\\\/fr\\\/event\\\/artisanat-pour-la-fete-des-meres\\\/\",\"name\":\"Brico pour la f\u00eate des m\u00e8res - Biblioth\u00e8que Champlain\",\"isPartOf\":{\"@id\":\"https:\\\/\\\/bc-cl.ca\\\/fr\\\/#website\"},\"datePublished\":\"2026-04-28T14:40:04+00:00\",\"dateModified\":\"2026-04-28T14:41:28+00:00\",\"breadcrumb\":{\"@id\":\"https:\\\/\\\/bc-cl.ca\\\/fr\\\/event\\\/artisanat-pour-la-fete-des-meres\\\/#breadcrumb\"},\"inLanguage\":\"fr-FR\",\"potentialAction\":[{\"@type\":\"ReadAction\",\"target\":[\"https:\\\/\\\/bc-cl.ca\\\/fr\\\/event\\\/artisanat-pour-la-fete-des-meres\\\/\"]}]},{\"@type\":\"BreadcrumbList\",\"@id\":\"https:\\\/\\\/bc-cl.ca\\\/fr\\\/event\\\/artisanat-pour-la-fete-des-meres\\\/#breadcrumb\",\"itemListElement\":[{\"@type\":\"ListItem\",\"position\":1,\"name\":\"Home\",\"item\":\"https:\\\/\\\/bc-cl.ca\\\/fr\\\/\"},{\"@type\":\"ListItem\",\"position\":2,\"name\":\"\u00c9v\u00e8nements\",\"item\":\"https:\\\/\\\/bc-cl.ca\\\/fr\\\/events\\\/\"},{\"@type\":\"ListItem\",\"position\":3,\"name\":\"Brico pour la f\u00eate des m\u00e8res\"}]},{\"@type\":\"WebSite\",\"@id\":\"https:\\\/\\\/bc-cl.ca\\\/fr\\\/#website\",\"url\":\"https:\\\/\\\/bc-cl.ca\\\/fr\\\/\",\"name\":\"Biblioth\u00e8que Champlain\",\"description\":\"Encourager la joie de lire et l'apprentissage tout au long de la vie.\",\"potentialAction\":[{\"@type\":\"SearchAction\",\"target\":{\"@type\":\"EntryPoint\",\"urlTemplate\":\"https:\\\/\\\/bc-cl.ca\\\/fr\\\/?s={search_term_string}\"},\"query-input\":{\"@type\":\"PropertyValueSpecification\",\"valueRequired\":true,\"valueName\":\"search_term_string\"}}],\"inLanguage\":\"fr-FR\"}]}<\/script>\n<!-- \/ Yoast SEO plugin. -->","yoast_head_json":{"title":"Brico pour la f\u00eate des m\u00e8res - Biblioth\u00e8que Champlain","robots":{"index":"index","follow":"follow","max-snippet":"max-snippet:-1","max-image-preview":"max-image-preview:large","max-video-preview":"max-video-preview:-1"},"canonical":"https:\/\/bc-cl.ca\/fr\/event\/artisanat-pour-la-fete-des-meres\/","og_locale":"fr_FR","og_type":"article","og_title":"Brico pour la f\u00eate des m\u00e8res - Biblioth\u00e8que Champlain","og_description":"Soyez cr\u00e9atifs ! Apportez votre imagination et rejoignez-nous pour une s\u00e9ance mensuelle de bricolage ! Les enfants de 5 ans et plus s&rsquo;amuseront \u00e0 r\u00e9aliser des projets amusants avec tout [&hellip;]","og_url":"https:\/\/bc-cl.ca\/fr\/event\/artisanat-pour-la-fete-des-meres\/","og_site_name":"Biblioth\u00e8que Champlain","article_modified_time":"2026-04-28T14:41:28+00:00","twitter_card":"summary_large_image","schema":{"@context":"https:\/\/schema.org","@graph":[{"@type":"WebPage","@id":"https:\/\/bc-cl.ca\/fr\/event\/artisanat-pour-la-fete-des-meres\/","url":"https:\/\/bc-cl.ca\/fr\/event\/artisanat-pour-la-fete-des-meres\/","name":"Brico pour la f\u00eate des m\u00e8res - Biblioth\u00e8que Champlain","isPartOf":{"@id":"https:\/\/bc-cl.ca\/fr\/#website"},"datePublished":"2026-04-28T14:40:04+00:00","dateModified":"2026-04-28T14:41:28+00:00","breadcrumb":{"@id":"https:\/\/bc-cl.ca\/fr\/event\/artisanat-pour-la-fete-des-meres\/#breadcrumb"},"inLanguage":"fr-FR","potentialAction":[{"@type":"ReadAction","target":["https:\/\/bc-cl.ca\/fr\/event\/artisanat-pour-la-fete-des-meres\/"]}]},{"@type":"BreadcrumbList","@id":"https:\/\/bc-cl.ca\/fr\/event\/artisanat-pour-la-fete-des-meres\/#breadcrumb","itemListElement":[{"@type":"ListItem","position":1,"name":"Home","item":"https:\/\/bc-cl.ca\/fr\/"},{"@type":"ListItem","position":2,"name":"\u00c9v\u00e8nements","item":"https:\/\/bc-cl.ca\/fr\/events\/"},{"@type":"ListItem","position":3,"name":"Brico pour la f\u00eate des m\u00e8res"}]},{"@type":"WebSite","@id":"https:\/\/bc-cl.ca\/fr\/#website","url":"https:\/\/bc-cl.ca\/fr\/","name":"Biblioth\u00e8que Champlain","description":"Encourager la joie de lire et l'apprentissage tout au long de la vie.","potentialAction":[{"@type":"SearchAction","target":{"@type":"EntryPoint","urlTemplate":"https:\/\/bc-cl.ca\/fr\/?s={search_term_string}"},"query-input":{"@type":"PropertyValueSpecification","valueRequired":true,"valueName":"search_term_string"}}],"inLanguage":"fr-FR"}]}},"_links":{"self":[{"href":"https:\/\/bc-cl.ca\/fr\/wp-json\/wp\/v2\/tribe_events\/17492","targetHints":{"allow":["GET"]}}],"collection":[{"href":"https:\/\/bc-cl.ca\/fr\/wp-json\/wp\/v2\/tribe_events"}],"about":[{"href":"https:\/\/bc-cl.ca\/fr\/wp-json\/wp\/v2\/types\/tribe_events"}],"author":[{"embeddable":true,"href":"https:\/\/bc-cl.ca\/fr\/wp-json\/wp\/v2\/users\/10"}],"version-history":[{"count":1,"href":"https:\/\/bc-cl.ca\/fr\/wp-json\/wp\/v2\/tribe_events\/17492\/revisions"}],"predecessor-version":[{"id":17493,"href":"https:\/\/bc-cl.ca\/fr\/wp-json\/wp\/v2\/tribe_events\/17492\/revisions\/17493"}],"wp:attachment":[{"href":"https:\/\/bc-cl.ca\/fr\/wp-json\/wp\/v2\/media?parent=17492"}],"wp:term":[{"taxonomy":"post_tag","embeddable":true,"href":"https:\/\/bc-cl.ca\/fr\/wp-json\/wp\/v2\/tags?post=17492"},{"taxonomy":"tribe_events_cat","embeddable":true,"href":"https:\/\/bc-cl.ca\/fr\/wp-json\/wp\/v2\/tribe_events_cat?post=17492"}],"curies":[{"name":"wp","href":"https:\/\/api.w.org\/{rel}","templated":true}]}}

Brico pour la fête des mères

<p><strong>Soyez créatifs !</strong></p>
<p>Apportez votre imagination et rejoignez-nous pour une séance mensuelle de bricolage ! Les enfants de 5 ans et plus s&rsquo;amuseront à réaliser des projets amusants avec tout le matériel fourni. </p>
<p>L&rsquo;inscription est obligatoire.</p>
<p>Veuillez vous inscrire <a href="https://bc-cl.ca/fr/programmes-pour-enfants/">ici.</a></p>

<p>Soyez créatifs ! Apportez votre imagination et rejoignez-nous pour une séance mensuelle de bricolage ! Les enfants de 5 ans et plus s&rsquo;amuseront à réaliser des projets amusants avec tout [&hellip;]</p>

<!-- This site is optimized with the Yoast SEO plugin v27.4 - https://yoast.com/product/yoast-seo-wordpress/ -->
<title>Brico pour la fête des mères - Bibliothèque Champlain</title>
<meta name="robots" content="index, follow, max-snippet:-1, max-image-preview:large, max-video-preview:-1" />
<link rel="canonical" href="https://bc-cl.ca/fr/event/artisanat-pour-la-fete-des-meres/" />
<meta property="og:locale" content="fr_FR" />
<meta property="og:type" content="article" />
<meta property="og:title" content="Brico pour la fête des mères - Bibliothèque Champlain" />
<meta property="og:description" content="Soyez créatifs ! Apportez votre imagination et rejoignez-nous pour une séance mensuelle de bricolage ! Les enfants de 5 ans et plus s&rsquo;amuseront à réaliser des projets amusants avec tout [&hellip;]" />
<meta property="og:url" content="https://bc-cl.ca/fr/event/artisanat-pour-la-fete-des-meres/" />
<meta property="og:site_name" content="Bibliothèque Champlain" />
<meta property="article:modified_time" content="2026-04-28T14:41:28+00:00" />
<meta name="twitter:card" content="summary_large_image" />
<script type="application/ld+json" class="yoast-schema-graph">{"@context":"https:\/\/schema.org","@graph":[{"@type":"WebPage","@id":"https:\/\/bc-cl.ca\/fr\/event\/artisanat-pour-la-fete-des-meres\/","url":"https:\/\/bc-cl.ca\/fr\/event\/artisanat-pour-la-fete-des-meres\/","name":"Brico pour la fête des mères - Bibliothèque Champlain","isPartOf":{"@id":"https:\/\/bc-cl.ca\/fr\/#website"},"datePublished":"2026-04-28T14:40:04+00:00","dateModified":"2026-04-28T14:41:28+00:00","breadcrumb":{"@id":"https:\/\/bc-cl.ca\/fr\/event\/artisanat-pour-la-fete-des-meres\/#breadcrumb"},"inLanguage":"fr-FR","potentialAction":[{"@type":"ReadAction","target":["https:\/\/bc-cl.ca\/fr\/event\/artisanat-pour-la-fete-des-meres\/"]}]},{"@type":"BreadcrumbList","@id":"https:\/\/bc-cl.ca\/fr\/event\/artisanat-pour-la-fete-des-meres\/#breadcrumb","itemListElement":[{"@type":"ListItem","position":1,"name":"Home","item":"https:\/\/bc-cl.ca\/fr\/"},{"@type":"ListItem","position":2,"name":"Évènements","item":"https:\/\/bc-cl.ca\/fr\/events\/"},{"@type":"ListItem","position":3,"name":"Brico pour la fête des mères"}]},{"@type":"WebSite","@id":"https:\/\/bc-cl.ca\/fr\/#website","url":"https:\/\/bc-cl.ca\/fr\/","name":"Bibliothèque Champlain","description":"Encourager la joie de lire et l'apprentissage tout au long de la vie.","potentialAction":[{"@type":"SearchAction","target":{"@type":"EntryPoint","urlTemplate":"https:\/\/bc-cl.ca\/fr\/?s={search_term_string}"},"query-input":{"@type":"PropertyValueSpecification","valueRequired":true,"valueName":"search_term_string"}}],"inLanguage":"fr-FR"}]}</script>
<!-- / Yoast SEO plugin. -->

Brico pour la fête des mères - Bibliothèque Champlain

Soyez créatifs ! Apportez votre imagination et rejoignez-nous pour une séance mensuelle de bricolage ! Les enfants de 5 ans et plus s&rsquo;amuseront à réaliser des projets amusants avec tout [&hellip;]

Bibliothèque Champlain

Évènements
